hat is the remainder when 4792 is divided by 1587?
31
Calculate the remainder when 69577 is divided by 393.
16
Calculate the remainder when 83920 is divided by 41926.
68
Calculate the remainder when 23777 is divided by 82.
79
What is the remainder when 3574 is divided by 132?
10
Calculate the remainder when 64593 is divided by 95.
88
What is the remainder when 29493 is divided by 295?
288
What is the remainder when 126441 is divided by 100?
41
Calculate the remainder when 43470 is divided by 129.
126
What is the remainder when 11037 is divided by 81?
21
Calculate the remainder when 1319 is divided by 447.
425
Calculate the remainder when 10886 is divided by 996.
926
Calculate the remainder when 31422 is divided by 31274.
148
Calculate the remainder when 21908 is divided by 33.
29
What is the remainder when 2793 is divided by 2711?
82
What is the remainder when 9999 is divided by 9992?
7
What is the remainder when 1112 is divided by 87?
68
What is the remainder when 8963 is divided by 2897?
272
Calculate the remainder when 199028 is divided by 1402.
1346
What is the remainder when 3503 is divided by 3493?
10
What is the remainder when 114114 is divided by 505?
489
What is the remainder when 22237 is divided by 1383?
109
Calculate the remainder when 5144 is divided by 642.
8
What is the remainder when 4480 is divided by 39?
34
What is the remainder when 129759 is divided by 152?
103
What is the remainder when 11073 is divided by 341?
161
Calculate the remainder when 8598 is divided by 2834.
96
Calculate the remainder when 360 is divided by 235.
125
Calculate the remainder when 22520 is divided by 48.
8
What is the remainder when 419 is divided by 328?
91
Calculate the remainder when 28127 is divided by 31.
10
What is the remainder when 34433 is divided by 955?
53
Calculate the remainder when 1764 is divided by 401.
160
Calculate the remainder when 382 is divided by 140.
102
Calculate the remainder when 5532 is divided by 1279.
416
What is the remainder when 80764 is divided by 577?
561
What is the remainder when 7729 is divided by 7104?
625
What is the remainder when 4849 is divided by 4802?
47
What is the remainder when 2044891 is divided by 42?
37
Calculate the remainder when 242203 is divided by 698.
695
Calculate the remainder when 585 is divided by 572.
13
Calculate the remainder when 17195 is divided by 461.
138
What is the remainder when 120337 is divided by 27?
25
What is the remainder when 2106 is divided by 57?
54
What is the remainder when 7619 is divided by 17?
3
What is the remainder when 164224 is divided by 149?
26
Calculate the remainder when 1376568 is divided by 53.
52
Calculate the remainder when 1791 is divided by 888.
15
Calculate the remainder when 2165 is divided by 611.
332
What is the remainder when 6922 is divided by 2279?
85
Calculate the remainder when 33880 is divided by 170.
50
What is the remainder when 28618 is divided by 48?
10
What is the remainder when 600 is divided by 5?
0
Calculate the remainder when 1457 is divided by 142.
37
What is the remainder when 1535 is divided by 105?
65
Calculate the remainder when 9040 is divided by 323.
319
Calculate the remainder when 45452 is divided by 77.
22
Calculate the remainder when 4615 is divided by 1522.
49
Calculate the remainder when 2127 is divided by 929.
269
What is the remainder when 9761163 is divided by 1017?
1014
What is the remainder when 748480 is divided by 71?
69
What is the remainder when 8525 is divided by 48?
29
What is the remainder when 5563 is divided by 130?
103
Calculate the remainder when 10975 is divided by 274.
15
Calculate the remainder when 1184 is divided by 191.
38
What is the remainder when 9381 is divided by 109?
7
What is the remainder when 7518957 is divided by 54?
51
What is the remainder when 298861 is divided by 38?
29
Calculate the remainder when 6889 is divided by 154.
113
Calculate the remainder when 707322 is divided by 3.
0
What is the remainder when 23545 is divided by 368?
361
What is the remainder when 5795 is divided by 278?
235
What is the remainder when 70132 is divided by 1149?
43
Calculate the remainder when 2975 is divided by 431.
389
Calculate the remainder when 303411 is divided by 33708.
39
What is the remainder when 19683 is divided by 3059?
1329
Calculate the remainder when 12176 is divided by 39.
8
Calculate the remainder when 231252 is divided by 4447.
8
Calculate the remainder when 2864 is divided by 264.
224
Calculate the remainder when 24642 is divided by 12148.
346
What is the remainder when 797677 is divided by 263?
261
Calculate the remainder when 7907 is divided by 215.
167
What is the remainder when 1980 is divided by 100?
80
What is the remainder when 51253 is divided by 753?
49
Calculate the remainder when 813344 is divided by 97.
96
Calculate the remainder when 543 is divided by 400.
143
Calculate the remainder when 57288 is divided by 51.
15
Calculate the remainder when 7123 is divided by 40.
3
Calculate the remainder when 911 is divided by 403.
105
What is the remainder when 95967 is divided by 31?
22
What is the remainder when 7378 is divided by 195?
163
Calculate the remainder when 946201 is divided by 18.
13
What is the remainder when 126580 is divided by 21095?
10
Calculate the remainder when 79377 is divided by 925.
752
What is the remainder when 105816 is divided by 8139?
9
What is the remainder when 1156909 is divided by 198?
193
Calculate the remainder when 1245 is divided by 237.
60
Calculate the remainder when 3795 is divided by 95.
90
What is the remainder when 643368 is divided by 41?
37
What is the remainder when 5817 is divided by 5711?
106
What is the remainder when 12475 is divided by 10?
5
What is the remainder when 14563 is divided by 324?
307
What is the remainder when 246554 is divided by 1442?
1414
What is the remainder when 1536662 is divided by 17?
15
What is the remainder when 20973 is divided by 873?
21
Calculate the remainder when 17801 is divided by 639.
548
What is the remainder when 2985 is divided by 649?
389
What is the remainder when 1819 is divided by 605?
4
Calculate the remainder when 80480 is divided by 208.
192
Calculate the remainder when 15697 is divided by 94.
93
What is the remainder when 25338 is divided by 4?
2
What is the remainder when 11369 is divided by 327?
251
Calculate the remainder when 2286 is divided by 786.
714
What is the remainder when 213837 is divided by 71278?
3
Calculate the remainder when 307830 is divided by 877.
3
Calculate the remainder when 14945 is divided by 428.
393
Calculate the remainder when 264032 is divided by 132012.
8
Calculate the remainder when 859133 is divided by 149.
148
What is the remainder when 7299 is divided by 7285?
14
Calculate the remainder when 29804 is divided by 14900.
4
Calculate the remainder when 504833 is divided by 22.
21
What is the remainder when 7584 is divided by 55?
49
Calculate the remainder when 731857 is divided by 989.
986
What is the remainder when 818174 is divided by 289?
15
Calculate the remainder when 255099 is divided by 77.
75
Calculate the remainder when 43394 is divided by 35.
29
What is the remainder when 152735 is divided by 444?
443
Calculate the remainder when 6267 is divided by 783.
3
Calculate the remainder when 13948 is divided by 120.
28
Calculate the remainder when 7026 is divided by 386.
78
Calculate the remainder when 25828 is divided by 9.
7
Calculate the remainder when 7746168 is divided by 1036.
1032
What is the remainder when 187861 is divided by 404?
1
What is the remainder when 7472 is divided by 251?
193
What is the remainder when 689 is divided by 379?
310
What is the remainder when 50552 is divided by 45?
17
What is the remainder when 24591 is divided by 328?
319
Calculate the remainder when 111668 is divided by 130.
128
Calculate the remainder when 7944113 is divided by 51.
47
What is the remainder when 1241786 is divided by 265?
261
What is the remainder when 2587 is divided by 201?
175
What is the remainder when 4598314 is divided by 54?
52
What is the remainder when 56746 is divided by 8105?
11
What is the remainder when 4898 is divided by 1601?
95
Calculate the remainder when 4000 is divided by 143.
139
What is the remainder when 5651 is divided by 87?
83
Calc